{"id":137,"date":"2025-10-12T08:44:55","date_gmt":"2025-10-12T06:44:55","guid":{"rendered":"https:\/\/nrpartners2.kcon.io\/index.php\/about-us\/"},"modified":"2026-01-13T20:16:22","modified_gmt":"2026-01-13T19:16:22","slug":"about-us","status":"publish","type":"page","link":"https:\/\/nrpartners2.kcon.io\/index.php\/about-us\/","title":{"rendered":"About Us"},"content":{"rendered":"\t\t<div data-elementor-type=\"wp-page\" data-elementor-id=\"137\" class=\"elementor elementor-137\" data-elementor-post-type=\"page\">\n\t\t\t\t<div class=\"elementor-element elementor-element-5c51ca80 e-con-full e-flex e-con e-parent\" data-id=\"5c51ca80\" data-element_type=\"container\" data-e-type=\"container\">\n\t\t<div class=\"elementor-element elementor-element-1a272ca1 e-con-full e-flex e-con e-child\" data-id=\"1a272ca1\" data-element_type=\"container\" data-e-type=\"container\">\n\t\t<div class=\"elementor-element elementor-element-681ae733 e-con-full e-flex e-con e-child\" data-id=\"681ae733\" data-element_type=\"container\" data-e-type=\"container\">\n\t\t\t\t<div class=\"elementor-element elementor-element-4b64ceb elementor-widget elementor-widget-heading\" data-id=\"4b64ceb\" data-element_type=\"widget\" data-e-type=\"widget\" data-settings=\"{&quot;_animation&quot;:&quot;none&quot;,&quot;_animation_mobile&quot;:&quot;none&quot;,&quot;_animation_delay&quot;:&quot;400&quot;}\" data-widget_type=\"heading.default\">\n\t\t\t\t\t<h2 class=\"elementor-heading-title elementor-size-default\">\u00dcber uns<\/h2>\t\t\t\t<\/div>\n\t\t\t\t<div class=\"elementor-element elementor-element-6cdbbf68 elementor-widget-divider--separator-type-pattern elementor-widget-divider--view-line elementor-invisible elementor-widget elementor-widget-divider\" data-id=\"6cdbbf68\" data-element_type=\"widget\" data-e-type=\"widget\" data-settings=\"{&quot;_animation&quot;:&quot;slideInRight&quot;,&quot;_animation_mobile&quot;:&quot;slideInRight&quot;}\" data-widget_type=\"divider.default\">\n\t\t\t\t\t\t\t<div class=\"elementor-divider\" style=\"--divider-pattern-url: url(&quot;data:image\/svg+xml,%3Csvg xmlns=&#039;http:\/\/www.w3.org\/2000\/svg&#039; preserveAspectRatio=&#039;none&#039; overflow=&#039;visible&#039; height=&#039;100%&#039; viewBox=&#039;0 0 20 16&#039; fill=&#039;none&#039; stroke=&#039;black&#039; stroke-width=&#039;1.2&#039; stroke-linecap=&#039;square&#039; stroke-miterlimit=&#039;10&#039;%3E%3Cg transform=&#039;translate(-12.000000, 0)&#039;%3E%3Cpath d=&#039;M28,0L10,18&#039;\/%3E%3Cpath d=&#039;M18,0L0,18&#039;\/%3E%3Cpath d=&#039;M48,0L30,18&#039;\/%3E%3Cpath d=&#039;M38,0L20,18&#039;\/%3E%3C\/g%3E%3C\/svg%3E&quot;);\">\n\t\t\t<span class=\"elementor-divider-separator\">\n\t\t\t\t\t\t<\/span>\n\t\t<\/div>\n\t\t\t\t\t\t<\/div>\n\t\t\t\t<div class=\"elementor-element elementor-element-15d373e6 elementor-invisible elementor-widget elementor-widget-heading\" data-id=\"15d373e6\" data-element_type=\"widget\" data-e-type=\"widget\" data-settings=\"{&quot;_animation&quot;:&quot;fadeIn&quot;,&quot;_animation_delay&quot;:&quot;400&quot;}\" data-widget_type=\"heading.default\">\n\t\t\t\t\t<h2 class=\"elementor-heading-title elementor-size-default\">Drei Experten.  Eine Vision. Ihr Vorteil.<\/h2>\t\t\t\t<\/div>\n\t\t\t\t<div class=\"elementor-element elementor-element-d600579 elementor-widget elementor-widget-text-editor\" data-id=\"d600579\" data-element_type=\"widget\" data-e-type=\"widget\" data-widget_type=\"text-editor.default\">\n\t\t\t\t\t\t\t\t\t<p>nr-partner vereint jahrzehntelange Erfahrung, interdisziplin\u00e4res Fachwissen und rechtliche Befugnisse in einem schl\u00fcssigen Gesamtpaket. Unsere Mission ist es, Unternehmen durch klare Strukturen, rechtssichere Prozesse und technische Pr\u00e4zision zu entlasten und zu st\u00e4rken.<br \/><br \/>Die Gr\u00fcnder von nr-partner stehen f\u00fcr Qualit\u00e4t, Verl\u00e4sslichkeit und praxisnahe L\u00f6sungen \u2013 mit einem tiefen Verst\u00e4ndnis f\u00fcr gesetzliche Anforderungen, betriebliche Abl\u00e4ufe und wirtschaftliche Herausforderungen.<\/p>\t\t\t\t\t\t\t\t<\/div>\n\t\t\t\t<\/div>\n\t\t\t\t<\/div>\n\t\t<div class=\"elementor-element elementor-element-444f24a9 e-con-full elementor-hidden-mobile e-flex e-con e-child\" data-id=\"444f24a9\" data-element_type=\"container\" data-e-type=\"container\" data-settings=\"{&quot;background_background&quot;:&quot;classic&quot;}\">\n\t\t\t\t<div class=\"elementor-element elementor-element-51cbb4c elementor-widget elementor-widget-image\" data-id=\"51cbb4c\" data-element_type=\"widget\" data-e-type=\"widget\" data-widget_type=\"image.default\">\n\t\t\t\t\t\t\t\t\t\t\t\t\t\t\t<img fetchpriority=\"high\" decoding=\"async\" width=\"1920\" height=\"1277\" src=\"https:\/\/nrpartners2.kcon.io\/wp-content\/uploads\/2026\/01\/Ulrike_Rauch-8067-scaled.webp\" class=\"attachment-full size-full wp-image-781\" alt=\"\" srcset=\"https:\/\/nrpartners2.kcon.io\/wp-content\/uploads\/2026\/01\/Ulrike_Rauch-8067-scaled.webp 1920w, https:\/\/nrpartners2.kcon.io\/wp-content\/uploads\/2026\/01\/Ulrike_Rauch-8067-300x200.webp 300w, https:\/\/nrpartners2.kcon.io\/wp-content\/uploads\/2026\/01\/Ulrike_Rauch-8067-1024x681.webp 1024w, https:\/\/nrpartners2.kcon.io\/wp-content\/uploads\/2026\/01\/Ulrike_Rauch-8067-768x511.webp 768w, https:\/\/nrpartners2.kcon.io\/wp-content\/uploads\/2026\/01\/Ulrike_Rauch-8067-1536x1022.webp 1536w\" sizes=\"(max-width: 1920px) 100vw, 1920px\" \/>\t\t\t\t\t\t\t\t\t\t\t\t\t\t\t<\/div>\n\t\t\t\t<\/div>\n\t\t\t\t<\/div>\n\t\t<div class=\"elementor-element elementor-element-13a3d92 e-flex e-con-boxed e-con e-parent\" data-id=\"13a3d92\" data-element_type=\"container\" data-e-type=\"container\">\n\t\t\t\t\t<div class=\"e-con-inner\">\n\t\t\t\t<div class=\"elementor-element elementor-element-62d8938 elementor-widget elementor-widget-heading\" data-id=\"62d8938\" data-element_type=\"widget\" data-e-type=\"widget\" data-widget_type=\"heading.default\">\n\t\t\t\t\t<h2 class=\"elementor-heading-title elementor-size-default\">Gemeinsam f\u00fcr Ihre Sicherheit und Effizienz.<\/h2>\t\t\t\t<\/div>\n\t\t\t\t<div class=\"elementor-element elementor-element-d1c8851 elementor-widget elementor-widget-text-editor\" data-id=\"d1c8851\" data-element_type=\"widget\" data-e-type=\"widget\" data-widget_type=\"text-editor.default\">\n\t\t\t\t\t\t\t\t\t<p>Die Kombination aus Bauingenieurwesen, Maschinenbau und Geb\u00e4udetechnik macht nr-partner zu einem einzigartigen Anbieter im Bereich AMVO-Consulting und Pr\u00fcfpflichtenmanagement. Unsere Kunden profitieren von einem ganzheitlichen Ansatz, der technische, rechtliche und organisatorische Aspekte vereint \u2013 effizient, rechtssicher und aus einer Hand.<\/p><p>In einer Welt voller Vorschriften, Pr\u00fcfpflichten und komplexer gesetzlicher Anforderungen schaffen wir \u00dcbersicht, Struktur und Sicherheit. Als interdisziplin\u00e4res Expertenteam mit jahrzehntelanger Erfahrung in Bauingenieurwesen, Maschinenbau und Geb\u00e4udetechnik begleiten wir Unternehmen bei der Umsetzung gesetzlicher Vorgaben \u2013 kompetent, l\u00f6sungsorientiert und aus einer Hand.<\/p><p>Unsere Leistungen reichen von der Analyse betriebsrelevanter Auflagen \u00fcber die Erstellung ma\u00dfgeschneiderter Ma\u00dfnahmenpl\u00e4ne bis hin zur Durchf\u00fchrung und Dokumentation aller erforderlichen Pr\u00fcfungen. Dabei integrieren wir bestehende Systeme in effiziente Datenstrukturen und schaffen so eine belastbare Grundlage f\u00fcr Ihre betriebliche Zukunft.<\/p><p>Gesetzlich vorgeschriebene Pr\u00fcfungen und sorgf\u00e4ltige Kontrollen nach geltenden Normen sind wichtig \u2013 sie schaffen Sicherheit und sorgen daf\u00fcr, dass im Ernstfall Versicherungsanspr\u00fcche greifen.<\/p>\t\t\t\t\t\t\t\t<\/div>\n\t\t\t\t<div class=\"elementor-element elementor-element-74c0c45 elementor-widget elementor-widget-zigzag\" data-id=\"74c0c45\" data-element_type=\"widget\" data-e-type=\"widget\" data-settings=\"{&quot;image_shape&quot;:&quot;sharp&quot;}\" data-widget_type=\"zigzag.default\">\n\t\t\t\t<div class=\"elementor-widget-container\">\n\t\t\t\t\t\t\t<div class=\"ehp-zigzag has-direction-start\">\n\t\t\t\t\t\t\t<div class=\"ehp-zigzag__item-wrapper\">\n\t\t\t\t\t<div class=\"ehp-zigzag__item-container\">\n\t\t\t\t\t\t\t\t<div class=\"ehp-zigzag__graphic-element-container has-image\">\n\t\t\t\t\t\t<div class=\"ehp-image ehp-zigzag__image-container\">\n\t\t\t\t<img decoding=\"async\" class=\"ehp-image__img ehp-zigzag__img has-shape-sharp shape-type-image\" src=\"https:\/\/nrpartners2.kcon.io\/wp-content\/uploads\/2026\/01\/Ulrike_Rauch-7998-scaled.jpg\" title=\"Ulrike_Rauch-7998\" alt=\"Ulrike_Rauch-7998\" loading=\"lazy\" \/>\t\t\t<\/div>\n\t\t\t\t\t<\/div>\n\t\t\t\t<div class=\"ehp-zigzag__text-container is-graphic-image\">\n\t\t\t<h2 class=\"ehp-zigzag__title\">DI Norbert Rabl<\/h2><p class=\"ehp-zigzag__description\"><b>Bauingenieur | Gesch\u00e4ftsf\u00fchrer  | Gerichtssachverst\u00e4ndiger<\/b><br \/>\n<br \/>\nMit \u00fcber drei Jahrzehnten Erfahrung in der Bau- und Sicherheitsplanung z\u00e4hlt DI Norbert Rabl zu den f\u00fchrenden Experten seines Fachs. Als Gesch\u00e4ftsf\u00fchrer der Rabl ZT GmbH seit dem Jahr 2000 hat er sich auf Brandschutz, ArbeitnehmerInnenschutz und ganzheitliches Bauen spezialisiert \u2013 stets mit dem Anspruch, technische Exzellenz mit rechtlicher Sicherheit und Kosteneffizienz zu verbinden. <br \/><br \/>\nSein Wissen gibt er als Lehrender an der Technischen Universit\u00e4t Graz weiter und bringt als gerichtlich beeideter Sachverst\u00e4ndiger h\u00f6chste fachliche und rechtliche Kompetenz in jedes Projekt ein. Mit \u00fcber 8.000 erfolgreich umgesetzten Projekten steht sein Name f\u00fcr Verl\u00e4sslichkeit, Pr\u00e4zision und nachhaltige L\u00f6sungen.\n<\/p>\t\t<\/div>\n\t\t\t\t\t\t\t<\/div>\n\t\t\t\t<\/div>\n\t\t\t\t\t\t\t\t<div class=\"ehp-zigzag__item-wrapper\">\n\t\t\t\t\t<div class=\"ehp-zigzag__item-container\">\n\t\t\t\t\t\t\t\t<div class=\"ehp-zigzag__graphic-element-container has-image\">\n\t\t\t\t\t\t<div class=\"ehp-image ehp-zigzag__image-container ehp-image ehp-zigzag__image-container\">\n\t\t\t\t<img decoding=\"async\" class=\"ehp-image__img ehp-zigzag__img has-shape-sharp shape-type-image\" src=\"https:\/\/nrpartners2.kcon.io\/wp-content\/uploads\/2026\/01\/Ulrike_Rauch-8035-scaled.jpg\" title=\"Ulrike_Rauch-8035\" alt=\"Ulrike_Rauch-8035\" loading=\"lazy\" \/>\t\t\t<\/div>\n\t\t\t\t\t<\/div>\n\t\t\t\t<div class=\"ehp-zigzag__text-container is-graphic-image\">\n\t\t\t<h2 class=\"ehp-zigzag__title\">DI Christian Rabl<\/h2><p class=\"ehp-zigzag__description\"><b>Maschinenbauingenieur | Projektmanager | F\u00fchrungskraft im technischen Service<\/b><br \/>\n<br \/>\nDI Christian Rabl bringt umfassende technische Expertise und langj\u00e4hrige F\u00fchrungserfahrung in die Struktur von nr-partner ein. Nach seinem Studium des Maschinenbaus an der Technischen Universit\u00e4t Graz vertiefte er seine Kompetenzen durch eine Ausbildung im Projektmanagement f\u00fcr Exportm\u00e4rkte an der Wirtschaftsuniversit\u00e4t Wien.<br \/><br \/>\nAls Gesch\u00e4ftsf\u00fchrer der Firmen DURO DAKOVIC in Slavonski Brod \/ Kroatien und ACE in Lieboch, sowie als Bereichsleiter Service bei Christof Industries Austria GmbH verantwortete er die Erzeugung von Dampfkessel und komplexe technische Montageabl\u00e4ufe, internationale Kundenprojekte und die operative Umsetzung von Serviceprozessen. Seine St\u00e4rke liegt in der Verbindung von technischem Verst\u00e4ndnis, strategischem Denken und l\u00f6sungsorientierter Umsetzung.\n<\/p>\t\t<\/div>\n\t\t\t\t\t\t\t<\/div>\n\t\t\t\t<\/div>\n\t\t\t\t\t\t\t\t<div class=\"ehp-zigzag__item-wrapper\">\n\t\t\t\t\t<div class=\"ehp-zigzag__item-container\">\n\t\t\t\t\t\t\t\t<div class=\"ehp-zigzag__graphic-element-container has-image\">\n\t\t\t\t\t\t<div class=\"ehp-image ehp-zigzag__image-container ehp-image ehp-zigzag__image-container ehp-image ehp-zigzag__image-container\">\n\t\t\t\t<img decoding=\"async\" class=\"ehp-image__img ehp-zigzag__img has-shape-sharp shape-type-image\" src=\"https:\/\/nrpartners2.kcon.io\/wp-content\/uploads\/2026\/01\/Ulrike_Rauch-8014-scaled.jpg\" title=\"Ulrike_Rauch-8014\" alt=\"Ulrike_Rauch-8014\" loading=\"lazy\" \/>\t\t\t<\/div>\n\t\t\t\t\t<\/div>\n\t\t\t\t<div class=\"ehp-zigzag__text-container is-graphic-image\">\n\t\t\t<h2 class=\"ehp-zigzag__title\">Ing. Franz K\u00f6stenbauer<\/h2><p class=\"ehp-zigzag__description\"><b>Geb\u00e4udetechniker | Planer | Fachaufsicht<\/b><br \/>\n<br \/>\n\nFranz K\u00f6stenbauer war zwanzig Jahre als Projektleiter in einem angesehenen Ingenieurb\u00fcro t\u00e4tig und als Mitgr\u00fcnder des Technischen B\u00fcros f\u00fcr Installations- und Elektrotechnik TB K\u00f6stenbauer &amp; Sixl im Jahr 2003 bringt Ing. Franz K\u00f6stenbauer somit \u00fcber vier Jahrzehnte Erfahrung in der Geb\u00e4udetechnik mit \u2013 von der Elektrotechnik \u00fcber Heizung, Klima und Sanit\u00e4r bis hin zur integrativen Planung komplexer Systeme.<br \/><br \/>\nSein Leistungsspektrum umfasst die Entwurfs-, Bewilligungs- und Ausf\u00fchrungsplanung, die fachliche Bauaufsicht, die Abnahme technischer Anlagen sowie die Rechnungspr\u00fcfung. Mit seinem tiefen Verst\u00e4ndnis f\u00fcr technische Abl\u00e4ufe und gesetzliche Anforderungen entwickelt er ma\u00dfgeschneiderte L\u00f6sungen, die Funktionalit\u00e4t, Effizienz und Rechtssicherheit vereinen.\n<\/p>\t\t<\/div>\n\t\t\t\t\t\t\t<\/div>\n\t\t\t\t<\/div>\n\t\t\t\t\t\t\t<\/div>\n\t\t\t\t\t\t<\/div>\n\t\t\t\t<\/div>\n\t\t\t\t\t<\/div>\n\t\t\t\t<\/div>\n\t\t\t\t<\/div>\n\t\t","protected":false},"excerpt":{"rendered":"<p>\u00dcber uns Drei Experten. Eine Vision. Ihr Vorteil. nr-partner vereint jahrzehntelange Erfahrung, interdisziplin\u00e4res Fachwissen und rechtliche Befugnisse in einem schl\u00fcssigen Gesamtpaket. Unsere Mission ist es, Unternehmen durch klare Strukturen, rechtssichere Prozesse und technische Pr\u00e4zision zu entlasten und zu st\u00e4rken. Die Gr\u00fcnder von nr-partner stehen f\u00fcr Qualit\u00e4t, Verl\u00e4sslichkeit und praxisnahe L\u00f6sungen \u2013 mit einem tiefen Verst\u00e4ndnis [&hellip;]<\/p>\n","protected":false},"author":1,"featured_media":146,"parent":0,"menu_order":0,"comment_status":"closed","ping_status":"closed","template":"","meta":{"footnotes":""},"class_list":["post-137","page","type-page","status-publish","has-post-thumbnail","hentry"],"_links":{"self":[{"href":"https:\/\/nrpartners2.kcon.io\/index.php\/wp-json\/wp\/v2\/pages\/137","targetHints":{"allow":["GET"]}}],"collection":[{"href":"https:\/\/nrpartners2.kcon.io\/index.php\/wp-json\/wp\/v2\/pages"}],"about":[{"href":"https:\/\/nrpartners2.kcon.io\/index.php\/wp-json\/wp\/v2\/types\/page"}],"author":[{"embeddable":true,"href":"https:\/\/nrpartners2.kcon.io\/index.php\/wp-json\/wp\/v2\/users\/1"}],"replies":[{"embeddable":true,"href":"https:\/\/nrpartners2.kcon.io\/index.php\/wp-json\/wp\/v2\/comments?post=137"}],"version-history":[{"count":61,"href":"https:\/\/nrpartners2.kcon.io\/index.php\/wp-json\/wp\/v2\/pages\/137\/revisions"}],"predecessor-version":[{"id":859,"href":"https:\/\/nrpartners2.kcon.io\/index.php\/wp-json\/wp\/v2\/pages\/137\/revisions\/859"}],"wp:featuredmedia":[{"embeddable":true,"href":"https:\/\/nrpartners2.kcon.io\/index.php\/wp-json\/wp\/v2\/media\/146"}],"wp:attachment":[{"href":"https:\/\/nrpartners2.kcon.io\/index.php\/wp-json\/wp\/v2\/media?parent=137"}],"curies":[{"name":"wp","href":"https:\/\/api.w.org\/{rel}","templated":true}]}}